{"id":3086,"date":"2025-04-24T09:59:24","date_gmt":"2025-04-24T07:59:24","guid":{"rendered":"https:\/\/al-nanteserdre.org\/alm-wp\/?page_id=3086"},"modified":"2025-09-02T17:55:33","modified_gmt":"2025-09-02T15:55:33","slug":"les-partenaires-de-lamicale","status":"publish","type":"page","link":"https:\/\/al-nanteserdre.org\/alm-wp\/index.php\/les-partenaires-de-lamicale\/","title":{"rendered":"Les partenaires de l\u2019Amicale"},"content":{"rendered":"\n<div class=\"wp-block-columns is-layout-flex wp-container-core-columns-is-layout-9d6595d7 wp-block-columns-is-layout-flex\">\n<div class=\"wp-block-column is-layout-flow wp-block-column-is-layout-flow\">\n<figure class=\"wp-block-image size-full\"><a href=\"https:\/\/www.laligue44.org\/\" target=\"_blank\" rel=\" noreferrer noopener\"><img loading=\"lazy\" decoding=\"async\" width=\"626\" height=\"427\" src=\"https:\/\/al-nanteserdre.org\/alm-wp\/wp-content\/uploads\/2025\/04\/Logo_Ligue_44-150-1.png\" alt=\"\" class=\"wp-image-3180\" srcset=\"https:\/\/al-nanteserdre.org\/alm-wp\/wp-content\/uploads\/2025\/04\/Logo_Ligue_44-150-1.png 626w, https:\/\/al-nanteserdre.org\/alm-wp\/wp-content\/uploads\/2025\/04\/Logo_Ligue_44-150-1-300x205.png 300w\" sizes=\"auto, (max-width: 626px) 100vw, 626px\" \/><\/a><\/figure>\n<\/div>\n\n\n\n<div class=\"wp-block-column is-layout-flow wp-block-column-is-layout-flow\"><div class=\"wp-block-image\">\n<figure class=\"aligncenter size-full\"><a href=\"https:\/\/www.ufolep44.com\" target=\"_blank\" rel=\" noreferrer noopener\"><img loading=\"lazy\" decoding=\"async\" width=\"356\" height=\"237\" src=\"https:\/\/al-nanteserdre.org\/alm-wp\/wp-content\/uploads\/2025\/04\/Ufolep44-150-1.png\" alt=\"\" class=\"wp-image-3181\" srcset=\"https:\/\/al-nanteserdre.org\/alm-wp\/wp-content\/uploads\/2025\/04\/Ufolep44-150-1.png 356w, https:\/\/al-nanteserdre.org\/alm-wp\/wp-content\/uploads\/2025\/04\/Ufolep44-150-1-300x200.png 300w\" sizes=\"auto, (max-width: 356px) 100vw, 356px\" \/><\/a><\/figure>\n<\/div><\/div>\n\n\n\n<div class=\"wp-block-column is-layout-flow wp-block-column-is-layout-flow\">\n<figure class=\"wp-block-image size-full\"><a href=\"https:\/\/metropole.nantes.fr\/\" target=\"_blank\" rel=\" noreferrer noopener\"><img loading=\"lazy\" decoding=\"async\" width=\"356\" height=\"238\" src=\"https:\/\/al-nanteserdre.org\/alm-wp\/wp-content\/uploads\/2025\/04\/Ville-de-nantes-150-2.png\" alt=\"\" class=\"wp-image-3182\" srcset=\"https:\/\/al-nanteserdre.org\/alm-wp\/wp-content\/uploads\/2025\/04\/Ville-de-nantes-150-2.png 356w, https:\/\/al-nanteserdre.org\/alm-wp\/wp-content\/uploads\/2025\/04\/Ville-de-nantes-150-2-300x201.png 300w\" sizes=\"auto, (max-width: 356px) 100vw, 356px\" \/><\/a><\/figure>\n<\/div>\n<\/div>\n\n\n\n<p class=\"has-text-align-center\">L&rsquo;Amicale La\u00efque des Marsauderies remercie vivement tous ses partenaires et annonceurs qui lui t\u00e9moignent leur confiance et permettent la r\u00e9alisation du programme d\u2019activit\u00e9s.<\/p>\n\n\n\n<div class=\"wp-block-columns is-layout-flex wp-container-core-columns-is-layout-9d6595d7 wp-block-columns-is-layout-flex\">\n<div class=\"wp-block-column is-layout-flow wp-block-column-is-layout-flow\"><div class=\"wp-block-image\">\n<figure class=\"aligncenter size-full\"><img loading=\"lazy\" decoding=\"async\" width=\"359\" height=\"478\" src=\"https:\/\/al-nanteserdre.org\/alm-wp\/wp-content\/uploads\/2025\/05\/Intermarche-150.png\" alt=\"\" class=\"wp-image-3187\" style=\"object-fit:cover\" srcset=\"https:\/\/al-nanteserdre.org\/alm-wp\/wp-content\/uploads\/2025\/05\/Intermarche-150.png 359w, https:\/\/al-nanteserdre.org\/alm-wp\/wp-content\/uploads\/2025\/05\/Intermarche-150-225x300.png 225w\" sizes=\"auto, (max-width: 359px) 100vw, 359px\" \/><\/figure>\n<\/div><\/div>\n\n\n\n<div class=\"wp-block-column is-layout-flow wp-block-column-is-layout-flow\"><div class=\"wp-block-image\">\n<figure class=\"aligncenter size-full\"><img loading=\"lazy\" decoding=\"async\" width=\"360\" height=\"477\" src=\"https:\/\/al-nanteserdre.org\/alm-wp\/wp-content\/uploads\/2025\/05\/Credit-Mutuel-150.png\" alt=\"\" class=\"wp-image-3195\" style=\"object-fit:cover\" srcset=\"https:\/\/al-nanteserdre.org\/alm-wp\/wp-content\/uploads\/2025\/05\/Credit-Mutuel-150.png 360w, https:\/\/al-nanteserdre.org\/alm-wp\/wp-content\/uploads\/2025\/05\/Credit-Mutuel-150-226x300.png 226w\" sizes=\"auto, (max-width: 360px) 100vw, 360px\" \/><\/figure>\n<\/div><\/div>\n<\/div>\n\n\n\n<div class=\"wp-block-columns is-layout-flex wp-container-core-columns-is-layout-9d6595d7 wp-block-columns-is-layout-flex\">\n<div class=\"wp-block-column is-layout-flow wp-block-column-is-layout-flow\" style=\"flex-basis:100%\">\n<div class=\"wp-block-group\"><div class=\"wp-block-group__inner-container is-layout-constrained wp-block-group-is-layout-constrained\">\n<div class=\"wp-block-columns is-layout-flex wp-container-core-columns-is-layout-9d6595d7 wp-block-columns-is-layout-flex\">\n<div class=\"wp-block-column is-layout-flow wp-block-column-is-layout-flow\" style=\"flex-basis:100%\">\n<div class=\"wp-block-group\"><div class=\"wp-block-group__inner-container is-layout-constrained wp-block-group-is-layout-constrained\">\n<div class=\"wp-block-columns is-layout-flex wp-container-core-columns-is-layout-9d6595d7 wp-block-columns-is-layout-flex\">\n<div class=\"wp-block-column is-layout-flow wp-block-column-is-layout-flow\"><div class=\"wp-block-image\">\n<figure class=\"aligncenter size-full\"><a href=\"https:\/\/sport-sante-ufolep44.com\/\" target=\"_blank\" rel=\" noreferrer noopener\"><img loading=\"lazy\" decoding=\"async\" width=\"360\" height=\"478\" src=\"https:\/\/al-nanteserdre.org\/alm-wp\/wp-content\/uploads\/2025\/04\/Maisons-Sport-Sante-150.png\" alt=\"\" class=\"wp-image-3168\" srcset=\"https:\/\/al-nanteserdre.org\/alm-wp\/wp-content\/uploads\/2025\/04\/Maisons-Sport-Sante-150.png 360w, https:\/\/al-nanteserdre.org\/alm-wp\/wp-content\/uploads\/2025\/04\/Maisons-Sport-Sante-150-226x300.png 226w\" sizes=\"auto, (max-width: 360px) 100vw, 360px\" \/><\/a><\/figure>\n<\/div><\/div>\n\n\n\n<div class=\"wp-block-column is-layout-flow wp-block-column-is-layout-flow\"><div class=\"wp-block-image\">\n<figure class=\"aligncenter size-full\"><a href=\"https:\/\/www.laligue44.org\/index.php\/tourisme-social-fal44-ligue-de-lenseignement-loire-atlantique-nantes\/secteur-vacances-loisirs\/presentation-du-secteur-vacances-44-nantes-loire-atlantique\" target=\"_blank\" rel=\" noreferrer noopener\"><img loading=\"lazy\" decoding=\"async\" width=\"360\" height=\"478\" src=\"https:\/\/al-nanteserdre.org\/alm-wp\/wp-content\/uploads\/2025\/04\/FAL_Offre-Vacances-150.png\" alt=\"\" class=\"wp-image-3163\" style=\"object-fit:cover\" srcset=\"https:\/\/al-nanteserdre.org\/alm-wp\/wp-content\/uploads\/2025\/04\/FAL_Offre-Vacances-150.png 360w, https:\/\/al-nanteserdre.org\/alm-wp\/wp-content\/uploads\/2025\/04\/FAL_Offre-Vacances-150-226x300.png 226w\" sizes=\"auto, (max-width: 360px) 100vw, 360px\" \/><\/a><\/figure>\n<\/div><\/div>\n\n\n\n<div class=\"wp-block-column is-layout-flow wp-block-column-is-layout-flow\"><div class=\"wp-block-image\">\n<figure class=\"aligncenter size-full\"><a href=\"https:\/\/www.laligue44.org\/index.php\/tourisme-social-fal44-ligue-de-lenseignement-loire-atlantique-nantes\/secteur-vacances-loisirs\/presentation-du-secteur-vacances-44-nantes-loire-atlantique\" target=\"_blank\" rel=\" noreferrer noopener\"><img loading=\"lazy\" decoding=\"async\" width=\"360\" height=\"478\" src=\"https:\/\/al-nanteserdre.org\/alm-wp\/wp-content\/uploads\/2025\/04\/FAL_Centres-Vacances-150.png\" alt=\"\" class=\"wp-image-3162\" srcset=\"https:\/\/al-nanteserdre.org\/alm-wp\/wp-content\/uploads\/2025\/04\/FAL_Centres-Vacances-150.png 360w, https:\/\/al-nanteserdre.org\/alm-wp\/wp-content\/uploads\/2025\/04\/FAL_Centres-Vacances-150-226x300.png 226w\" sizes=\"auto, (max-width: 360px) 100vw, 360px\" \/><\/a><\/figure>\n<\/div><\/div>\n<\/div>\n\n\n\n<div class=\"wp-block-columns is-layout-flex wp-container-core-columns-is-layout-9d6595d7 wp-block-columns-is-layout-flex\">\n<div class=\"wp-block-column is-layout-flow wp-block-column-is-layout-flow\"><div class=\"wp-block-image\">\n<figure class=\"aligncenter size-full\"><a href=\"https:\/\/www.facebook.com\/smerlimg\/?locale=fr_FR\" target=\"_blank\" rel=\" noreferrer noopener\"><img loading=\"lazy\" decoding=\"async\" width=\"360\" height=\"478\" src=\"https:\/\/al-nanteserdre.org\/alm-wp\/wp-content\/uploads\/2025\/04\/ConfitureDeLait-150.png\" alt=\"\" class=\"wp-image-3160\" style=\"object-fit:cover\" srcset=\"https:\/\/al-nanteserdre.org\/alm-wp\/wp-content\/uploads\/2025\/04\/ConfitureDeLait-150.png 360w, https:\/\/al-nanteserdre.org\/alm-wp\/wp-content\/uploads\/2025\/04\/ConfitureDeLait-150-226x300.png 226w\" sizes=\"auto, (max-width: 360px) 100vw, 360px\" \/><\/a><\/figure>\n<\/div><\/div>\n\n\n\n<div class=\"wp-block-column is-layout-flow wp-block-column-is-layout-flow\"><div class=\"wp-block-image\">\n<figure class=\"aligncenter size-full\"><a href=\"https:\/\/www.facebook.com\/lacavejulesverne\/?locale=fr_FR\" target=\"_blank\" rel=\" noreferrer noopener\"><img loading=\"lazy\" decoding=\"async\" width=\"360\" height=\"478\" src=\"https:\/\/al-nanteserdre.org\/alm-wp\/wp-content\/uploads\/2025\/04\/LaCaveJulesVerne-150.png\" alt=\"\" class=\"wp-image-3165\" style=\"object-fit:cover\" srcset=\"https:\/\/al-nanteserdre.org\/alm-wp\/wp-content\/uploads\/2025\/04\/LaCaveJulesVerne-150.png 360w, https:\/\/al-nanteserdre.org\/alm-wp\/wp-content\/uploads\/2025\/04\/LaCaveJulesVerne-150-226x300.png 226w\" sizes=\"auto, (max-width: 360px) 100vw, 360px\" \/><\/a><\/figure>\n<\/div><\/div>\n\n\n\n<div class=\"wp-block-column is-layout-flow wp-block-column-is-layout-flow\"><div class=\"wp-block-image\">\n<figure class=\"aligncenter size-full\"><img loading=\"lazy\" decoding=\"async\" width=\"360\" height=\"478\" src=\"https:\/\/al-nanteserdre.org\/alm-wp\/wp-content\/uploads\/2025\/04\/MaisonErceau-150.png\" alt=\"\" class=\"wp-image-3167\" style=\"object-fit:cover\" srcset=\"https:\/\/al-nanteserdre.org\/alm-wp\/wp-content\/uploads\/2025\/04\/MaisonErceau-150.png 360w, https:\/\/al-nanteserdre.org\/alm-wp\/wp-content\/uploads\/2025\/04\/MaisonErceau-150-226x300.png 226w\" sizes=\"auto, (max-width: 360px) 100vw, 360px\" \/><\/figure>\n<\/div><\/div>\n<\/div>\n\n\n\n<div class=\"wp-block-columns is-layout-flex wp-container-core-columns-is-layout-9d6595d7 wp-block-columns-is-layout-flex\">\n<div class=\"wp-block-column is-layout-flow wp-block-column-is-layout-flow\"><div class=\"wp-block-image\">\n<figure class=\"aligncenter size-full\"><a href=\"https:\/\/www.facebook.com\/unbrindifferent\/\" target=\"_blank\" rel=\" noreferrer noopener\"><img loading=\"lazy\" decoding=\"async\" width=\"359\" height=\"478\" src=\"https:\/\/al-nanteserdre.org\/alm-wp\/wp-content\/uploads\/2025\/04\/UnBrinDifferent-150.png\" alt=\"\" class=\"wp-image-3170\" style=\"object-fit:cover\" srcset=\"https:\/\/al-nanteserdre.org\/alm-wp\/wp-content\/uploads\/2025\/04\/UnBrinDifferent-150.png 359w, https:\/\/al-nanteserdre.org\/alm-wp\/wp-content\/uploads\/2025\/04\/UnBrinDifferent-150-225x300.png 225w\" sizes=\"auto, (max-width: 359px) 100vw, 359px\" \/><\/a><\/figure>\n<\/div><\/div>\n\n\n\n<div class=\"wp-block-column is-layout-flow wp-block-column-is-layout-flow\"><div class=\"wp-block-image\">\n<figure class=\"aligncenter size-full\"><img loading=\"lazy\" decoding=\"async\" width=\"360\" height=\"478\" src=\"https:\/\/al-nanteserdre.org\/alm-wp\/wp-content\/uploads\/2025\/09\/M.Lethu-150.jpg\" alt=\"\" class=\"wp-image-3251\" style=\"object-fit:cover\" srcset=\"https:\/\/al-nanteserdre.org\/alm-wp\/wp-content\/uploads\/2025\/09\/M.Lethu-150.jpg 360w, https:\/\/al-nanteserdre.org\/alm-wp\/wp-content\/uploads\/2025\/09\/M.Lethu-150-226x300.jpg 226w\" sizes=\"auto, (max-width: 360px) 100vw, 360px\" \/><\/figure>\n<\/div><\/div>\n\n\n\n<div class=\"wp-block-column is-layout-flow wp-block-column-is-layout-flow\"><\/div>\n<\/div>\n<\/div><\/div>\n\n\n\n<div class=\"wp-block-columns is-layout-flex wp-container-core-columns-is-layout-9d6595d7 wp-block-columns-is-layout-flex\">\n<div class=\"wp-block-column is-layout-flow wp-block-column-is-layout-flow\"><\/div>\n\n\n\n<div class=\"wp-block-column is-layout-flow wp-block-column-is-layout-flow\"><\/div>\n<\/div>\n<\/div>\n<\/div>\n<\/div><\/div>\n<\/div>\n<\/div>\n","protected":false},"excerpt":{"rendered":"<p>L&rsquo;Amicale La\u00efque des Marsauderies remercie vivement tous ses partenaires et annonceurs qui lui t\u00e9moignent leur confiance et permettent la r\u00e9alisation du programme d\u2019activit\u00e9s.<\/p>\n","protected":false},"author":3,"featured_media":0,"parent":0,"menu_order":0,"comment_status":"closed","ping_status":"closed","template":"","meta":{"footnotes":""},"class_list":["post-3086","page","type-page","status-publish","hentry"],"yoast_head":"<!-- This site is optimized with the Yoast SEO plugin v27.4 - https:\/\/yoast.com\/product\/yoast-seo-wordpress\/ -->\n<title>Les partenaires de l\u2019Amicale - Amicale La\u00efque des Marsauderies<\/title>\n<meta name=\"robots\" content=\"index, follow, max-snippet:-1, max-image-preview:large, max-video-preview:-1\" \/>\n<link rel=\"canonical\" href=\"https:\/\/al-nanteserdre.org\/alm-wp\/index.php\/les-partenaires-de-lamicale\/\" \/>\n<meta property=\"og:locale\" content=\"fr_FR\" \/>\n<meta property=\"og:type\" content=\"article\" \/>\n<meta property=\"og:title\" content=\"Les partenaires de l\u2019Amicale - Amicale La\u00efque des Marsauderies\" \/>\n<meta property=\"og:description\" content=\"L&rsquo;Amicale La\u00efque des Marsauderies remercie vivement tous ses partenaires et annonceurs qui lui t\u00e9moignent leur confiance et permettent la r\u00e9alisation du programme d\u2019activit\u00e9s.\" \/>\n<meta property=\"og:url\" content=\"https:\/\/al-nanteserdre.org\/alm-wp\/index.php\/les-partenaires-de-lamicale\/\" \/>\n<meta property=\"og:site_name\" content=\"Amicale La\u00efque des Marsauderies\" \/>\n<meta property=\"article:modified_time\" content=\"2025-09-02T15:55:33+00:00\" \/>\n<meta property=\"og:image\" content=\"https:\/\/al-nanteserdre.org\/alm-wp\/wp-content\/uploads\/2025\/04\/Logo_Ligue_44-150-1.png\" \/>\n\t<meta property=\"og:image:width\" content=\"626\" \/>\n\t<meta property=\"og:image:height\" content=\"427\" \/>\n\t<meta property=\"og:image:type\" content=\"image\/png\" \/>\n<meta name=\"twitter:card\" content=\"summary_large_image\" \/>\n<meta name=\"twitter:label1\" content=\"Dur\u00e9e de lecture estim\u00e9e\" \/>\n\t<meta name=\"twitter:data1\" content=\"3 minutes\" \/>\n<script type=\"application\/ld+json\" class=\"yoast-schema-graph\">{\"@context\":\"https:\\\/\\\/schema.org\",\"@graph\":[{\"@type\":\"WebPage\",\"@id\":\"https:\\\/\\\/al-nanteserdre.org\\\/alm-wp\\\/index.php\\\/les-partenaires-de-lamicale\\\/\",\"url\":\"https:\\\/\\\/al-nanteserdre.org\\\/alm-wp\\\/index.php\\\/les-partenaires-de-lamicale\\\/\",\"name\":\"Les partenaires de l\u2019Amicale - Amicale La\u00efque des Marsauderies\",\"isPartOf\":{\"@id\":\"https:\\\/\\\/al-nanteserdre.org\\\/alm-wp\\\/#website\"},\"primaryImageOfPage\":{\"@id\":\"https:\\\/\\\/al-nanteserdre.org\\\/alm-wp\\\/index.php\\\/les-partenaires-de-lamicale\\\/#primaryimage\"},\"image\":{\"@id\":\"https:\\\/\\\/al-nanteserdre.org\\\/alm-wp\\\/index.php\\\/les-partenaires-de-lamicale\\\/#primaryimage\"},\"thumbnailUrl\":\"https:\\\/\\\/al-nanteserdre.org\\\/alm-wp\\\/wp-content\\\/uploads\\\/2025\\\/04\\\/Logo_Ligue_44-150-1.png\",\"datePublished\":\"2025-04-24T07:59:24+00:00\",\"dateModified\":\"2025-09-02T15:55:33+00:00\",\"breadcrumb\":{\"@id\":\"https:\\\/\\\/al-nanteserdre.org\\\/alm-wp\\\/index.php\\\/les-partenaires-de-lamicale\\\/#breadcrumb\"},\"inLanguage\":\"fr-FR\",\"potentialAction\":[{\"@type\":\"ReadAction\",\"target\":[\"https:\\\/\\\/al-nanteserdre.org\\\/alm-wp\\\/index.php\\\/les-partenaires-de-lamicale\\\/\"]}]},{\"@type\":\"ImageObject\",\"inLanguage\":\"fr-FR\",\"@id\":\"https:\\\/\\\/al-nanteserdre.org\\\/alm-wp\\\/index.php\\\/les-partenaires-de-lamicale\\\/#primaryimage\",\"url\":\"https:\\\/\\\/al-nanteserdre.org\\\/alm-wp\\\/wp-content\\\/uploads\\\/2025\\\/04\\\/Logo_Ligue_44-150-1.png\",\"contentUrl\":\"https:\\\/\\\/al-nanteserdre.org\\\/alm-wp\\\/wp-content\\\/uploads\\\/2025\\\/04\\\/Logo_Ligue_44-150-1.png\",\"width\":626,\"height\":427},{\"@type\":\"BreadcrumbList\",\"@id\":\"https:\\\/\\\/al-nanteserdre.org\\\/alm-wp\\\/index.php\\\/les-partenaires-de-lamicale\\\/#breadcrumb\",\"itemListElement\":[{\"@type\":\"ListItem\",\"position\":1,\"name\":\"Accueil\",\"item\":\"https:\\\/\\\/al-nanteserdre.org\\\/alm-wp\\\/\"},{\"@type\":\"ListItem\",\"position\":2,\"name\":\"Les partenaires de l\u2019Amicale\"}]},{\"@type\":\"WebSite\",\"@id\":\"https:\\\/\\\/al-nanteserdre.org\\\/alm-wp\\\/#website\",\"url\":\"https:\\\/\\\/al-nanteserdre.org\\\/alm-wp\\\/\",\"name\":\"Amicale La\u00efque des Marsauderies\",\"description\":\"Sport pour tous et \u00e9ducation populaire\",\"publisher\":{\"@id\":\"https:\\\/\\\/al-nanteserdre.org\\\/alm-wp\\\/#organization\"},\"potentialAction\":[{\"@type\":\"SearchAction\",\"target\":{\"@type\":\"EntryPoint\",\"urlTemplate\":\"https:\\\/\\\/al-nanteserdre.org\\\/alm-wp\\\/?s={search_term_string}\"},\"query-input\":{\"@type\":\"PropertyValueSpecification\",\"valueRequired\":true,\"valueName\":\"search_term_string\"}}],\"inLanguage\":\"fr-FR\"},{\"@type\":\"Organization\",\"@id\":\"https:\\\/\\\/al-nanteserdre.org\\\/alm-wp\\\/#organization\",\"name\":\"Amicale Laique des Marsauderies\",\"url\":\"https:\\\/\\\/al-nanteserdre.org\\\/alm-wp\\\/\",\"logo\":{\"@type\":\"ImageObject\",\"inLanguage\":\"fr-FR\",\"@id\":\"https:\\\/\\\/al-nanteserdre.org\\\/alm-wp\\\/#\\\/schema\\\/logo\\\/image\\\/\",\"url\":\"https:\\\/\\\/al-nanteserdre.org\\\/alm-wp\\\/wp-content\\\/uploads\\\/2023\\\/04\\\/Logo-UFOLEP.png\",\"contentUrl\":\"https:\\\/\\\/al-nanteserdre.org\\\/alm-wp\\\/wp-content\\\/uploads\\\/2023\\\/04\\\/Logo-UFOLEP.png\",\"width\":320,\"height\":244,\"caption\":\"Amicale Laique des Marsauderies\"},\"image\":{\"@id\":\"https:\\\/\\\/al-nanteserdre.org\\\/alm-wp\\\/#\\\/schema\\\/logo\\\/image\\\/\"}}]}<\/script>\n<!-- \/ Yoast SEO plugin. -->","yoast_head_json":{"title":"Les partenaires de l\u2019Amicale - Amicale La\u00efque des Marsauderies","robots":{"index":"index","follow":"follow","max-snippet":"max-snippet:-1","max-image-preview":"max-image-preview:large","max-video-preview":"max-video-preview:-1"},"canonical":"https:\/\/al-nanteserdre.org\/alm-wp\/index.php\/les-partenaires-de-lamicale\/","og_locale":"fr_FR","og_type":"article","og_title":"Les partenaires de l\u2019Amicale - Amicale La\u00efque des Marsauderies","og_description":"L&rsquo;Amicale La\u00efque des Marsauderies remercie vivement tous ses partenaires et annonceurs qui lui t\u00e9moignent leur confiance et permettent la r\u00e9alisation du programme d\u2019activit\u00e9s.","og_url":"https:\/\/al-nanteserdre.org\/alm-wp\/index.php\/les-partenaires-de-lamicale\/","og_site_name":"Amicale La\u00efque des Marsauderies","article_modified_time":"2025-09-02T15:55:33+00:00","og_image":[{"width":626,"height":427,"url":"https:\/\/al-nanteserdre.org\/alm-wp\/wp-content\/uploads\/2025\/04\/Logo_Ligue_44-150-1.png","type":"image\/png"}],"twitter_card":"summary_large_image","twitter_misc":{"Dur\u00e9e de lecture estim\u00e9e":"3 minutes"},"schema":{"@context":"https:\/\/schema.org","@graph":[{"@type":"WebPage","@id":"https:\/\/al-nanteserdre.org\/alm-wp\/index.php\/les-partenaires-de-lamicale\/","url":"https:\/\/al-nanteserdre.org\/alm-wp\/index.php\/les-partenaires-de-lamicale\/","name":"Les partenaires de l\u2019Amicale - Amicale La\u00efque des Marsauderies","isPartOf":{"@id":"https:\/\/al-nanteserdre.org\/alm-wp\/#website"},"primaryImageOfPage":{"@id":"https:\/\/al-nanteserdre.org\/alm-wp\/index.php\/les-partenaires-de-lamicale\/#primaryimage"},"image":{"@id":"https:\/\/al-nanteserdre.org\/alm-wp\/index.php\/les-partenaires-de-lamicale\/#primaryimage"},"thumbnailUrl":"https:\/\/al-nanteserdre.org\/alm-wp\/wp-content\/uploads\/2025\/04\/Logo_Ligue_44-150-1.png","datePublished":"2025-04-24T07:59:24+00:00","dateModified":"2025-09-02T15:55:33+00:00","breadcrumb":{"@id":"https:\/\/al-nanteserdre.org\/alm-wp\/index.php\/les-partenaires-de-lamicale\/#breadcrumb"},"inLanguage":"fr-FR","potentialAction":[{"@type":"ReadAction","target":["https:\/\/al-nanteserdre.org\/alm-wp\/index.php\/les-partenaires-de-lamicale\/"]}]},{"@type":"ImageObject","inLanguage":"fr-FR","@id":"https:\/\/al-nanteserdre.org\/alm-wp\/index.php\/les-partenaires-de-lamicale\/#primaryimage","url":"https:\/\/al-nanteserdre.org\/alm-wp\/wp-content\/uploads\/2025\/04\/Logo_Ligue_44-150-1.png","contentUrl":"https:\/\/al-nanteserdre.org\/alm-wp\/wp-content\/uploads\/2025\/04\/Logo_Ligue_44-150-1.png","width":626,"height":427},{"@type":"BreadcrumbList","@id":"https:\/\/al-nanteserdre.org\/alm-wp\/index.php\/les-partenaires-de-lamicale\/#breadcrumb","itemListElement":[{"@type":"ListItem","position":1,"name":"Accueil","item":"https:\/\/al-nanteserdre.org\/alm-wp\/"},{"@type":"ListItem","position":2,"name":"Les partenaires de l\u2019Amicale"}]},{"@type":"WebSite","@id":"https:\/\/al-nanteserdre.org\/alm-wp\/#website","url":"https:\/\/al-nanteserdre.org\/alm-wp\/","name":"Amicale La\u00efque des Marsauderies","description":"Sport pour tous et \u00e9ducation populaire","publisher":{"@id":"https:\/\/al-nanteserdre.org\/alm-wp\/#organization"},"potentialAction":[{"@type":"SearchAction","target":{"@type":"EntryPoint","urlTemplate":"https:\/\/al-nanteserdre.org\/alm-wp\/?s={search_term_string}"},"query-input":{"@type":"PropertyValueSpecification","valueRequired":true,"valueName":"search_term_string"}}],"inLanguage":"fr-FR"},{"@type":"Organization","@id":"https:\/\/al-nanteserdre.org\/alm-wp\/#organization","name":"Amicale Laique des Marsauderies","url":"https:\/\/al-nanteserdre.org\/alm-wp\/","logo":{"@type":"ImageObject","inLanguage":"fr-FR","@id":"https:\/\/al-nanteserdre.org\/alm-wp\/#\/schema\/logo\/image\/","url":"https:\/\/al-nanteserdre.org\/alm-wp\/wp-content\/uploads\/2023\/04\/Logo-UFOLEP.png","contentUrl":"https:\/\/al-nanteserdre.org\/alm-wp\/wp-content\/uploads\/2023\/04\/Logo-UFOLEP.png","width":320,"height":244,"caption":"Amicale Laique des Marsauderies"},"image":{"@id":"https:\/\/al-nanteserdre.org\/alm-wp\/#\/schema\/logo\/image\/"}}]}},"_links":{"self":[{"href":"https:\/\/al-nanteserdre.org\/alm-wp\/index.php\/wp-json\/wp\/v2\/pages\/3086","targetHints":{"allow":["GET"]}}],"collection":[{"href":"https:\/\/al-nanteserdre.org\/alm-wp\/index.php\/wp-json\/wp\/v2\/pages"}],"about":[{"href":"https:\/\/al-nanteserdre.org\/alm-wp\/index.php\/wp-json\/wp\/v2\/types\/page"}],"author":[{"embeddable":true,"href":"https:\/\/al-nanteserdre.org\/alm-wp\/index.php\/wp-json\/wp\/v2\/users\/3"}],"replies":[{"embeddable":true,"href":"https:\/\/al-nanteserdre.org\/alm-wp\/index.php\/wp-json\/wp\/v2\/comments?post=3086"}],"version-history":[{"count":21,"href":"https:\/\/al-nanteserdre.org\/alm-wp\/index.php\/wp-json\/wp\/v2\/pages\/3086\/revisions"}],"predecessor-version":[{"id":3255,"href":"https:\/\/al-nanteserdre.org\/alm-wp\/index.php\/wp-json\/wp\/v2\/pages\/3086\/revisions\/3255"}],"wp:attachment":[{"href":"https:\/\/al-nanteserdre.org\/alm-wp\/index.php\/wp-json\/wp\/v2\/media?parent=3086"}],"curies":[{"name":"wp","href":"https:\/\/api.w.org\/{rel}","templated":true}]}}